s and 50?
10
Let o = -441 + 542. Let d be -2 + 158/(-2) + 1. Let u = d + o. What is the greatest common divisor of u and 6?
3
Let p(s) = s**2 + 5*s - 40. Let b be p(-9). Let o be 4772*b/(-64) - (-5)/(-4). What is the greatest common factor of 11 and o?
11
Suppose -30*s + 6*s = -1474 - 686. Suppose 3*w + 3 = 3*u, -5*u + 3*u + 2 = 0. Suppose w*n = -5*n + 150. What is the greatest common factor of n and s?
30
Let r be 2/(-9) + -4 + (-7637)/(-63). Let w be (128/(-20))/(2/(-95)). Let p = w - r. What is the greatest common divisor of p and 17?
17
Suppose t + 2*z = 25, -86*t - 4*z = -88*t + 50. Calculate the greatest common divisor of t and 3925.
25
Suppose -w = 5*q - 563, -5*w = 5*q - 150 - 425. Let z be ((-140)/(-50))/(48/240). What is the greatest common factor of q and z?
14
Let i be -75*((-56)/(-35))/(-1). Suppose -2*s + i = s. Calculate the greatest common divisor of s and 48.
8
Suppose 3 = -3*i, 3*q + i = 8*q - 196. Let d be (220/(-275))/(-1 + 63/65). What is the greatest common divisor of d and q?
13
Let i be (-8)/6*435/(-116) + 1457/1. What is the greatest common factor of 344 and i?
86
Let k be 448/48*24/14. Let a = -12 + k. Let v(t) = -t**3 + 6*t**2 - 6*t + 7. Let n be v(a). What is the highest common divisor of n and 165?
15
Let j(d) = -8*d - 50. Let m be j(-11). Suppose m = 5*z - 3*h, -4*z + 2*h = -36 + 4. Suppose -z = 3*s - 85. What is the greatest common divisor of 200 and s?
25
Suppose -3 + 18 = 3*s. Let v be 5/(-135)*-6 + 136/36. Suppose -3*d = 6*r - 11*r - 3, -5*r = -v*d + 4. Calculate the greatest common factor of d and s.
1
Let c(a) = -18*a**3 + 9*a + 5*a**2 + 17*a**3 - 3*a. Let r be c(4). Suppose -p + 2*p - 10 = 0. Calculate the greatest common divisor of r and p.
10
Let p be 62/((5*6/345)/1). Let f = p - 601. Suppose 6 = 3*u - 5*u, -2 = -o - 4*u. Calculate the highest common divisor of f and o.
14
Suppose -4*t + 378 = 2*n, -5*n - 4*t + 945 = -0*n. Let x be 12/9*n/6. Calculate the greatest common factor of 6 and x.
6
Suppose -5*n + 1015 = 5*b, 1130*n + 617 = 3*b + 1125*n. Calculate the highest common factor of b and 24.
12
Let j(p) be the second derivative of p**3/3 + 37*p**2 - 24*p - 2. Let u be j(32). Calculate the greatest common divisor of 184 and u.
46
Suppose 0 = -9*a + 6*a + 54. Suppose 13*r + 4 = 15*r. What is the highest common divisor of a and r?
2
Suppose 27799 + 14302 + 50464 = 255*k. What is the highest common divisor of k and 561?
33
Let p = -10296 - -10428. What is the highest common factor of 1408 and p?
44
Suppose 0 = -c + 2*m + 531, 708*c + 535 = 709*c - m. What is the highest common factor of 517 and c?
11
Suppose 273*k - 268*k + 9740 = 3*a, -a - 5*k + 3280 = 0. Calculate the greatest common factor of 105 and a.
105
Suppose -131 = 27*p - 26*p - 659. Calculate the greatest common divisor of 288 and p.
48
Suppose 5*a - 1393 - 383 = 49. Calculate the highest common divisor of 50 and a.
5
Suppose -20*j = -11*j - 90. Suppose -12*w = s - j*w - 72, 2 = w. Calculate the greatest common factor of s and 8.
4
Let l be -5*24/18 + (-20)/(-12). Let u be ((-10)/(-3 - 2))/(l/(-25)). Let t be 0/(-2) - 1*-2. Calculate the greatest common divisor of u and t.
2
Let q be ((-3 + 4)*-3 + -2)*5. Let j be 30/(-75) - 27460/q. What is the greatest common divisor of 18 and j?
18
Suppose 2*q - 30 = -8*q. Suppose -q*z - 5*a + 2*a = 21, 4*z = 5*a + 8. Let h be z/(-2)*2*(-693)/(-27). What is the highest common factor of h and 11?
11
Suppose -84*d + 481 = -107. What is the greatest common factor of d and 5257?
7
Let t(q) = -1246*q + 3360. Let j be t(-1). Calculate the greatest common factor of 282 and j.
94
Let r be (-1 + (7 - 5))/((-2)/(-276)). What is the highest common divisor of r and 24?
6
Suppose 1703 = 36*i + 229 - 146. What is the greatest common factor of i and 5?
5
Suppose 7204 = 2*s - 4*b, 69*s + 2*b = 64*s + 18082. Calculate the greatest common divisor of 26 and s.
26
Suppose 14 = -w + 6. Let b be (48/15)/(w/(-20)). Suppose -194 = -b*g + 118. What is the highest common divisor of 52 and g?
13
Let j(c) = c + 6. Let o be j(-3). Let w(t) = 14*t**2 + 0 + 9 - 4*t**o + 5*t**3 + 19*t + 2. Let r be w(-11). What is the highest common factor of 15 and r?
15
Suppose 0 = s - 5*q - 403, -3*s - 2*s + 2067 = q. Let y be (7/4)/((-3)/(-12)). What is the greatest common divisor of s and y?
7
Suppose -8*y - 2460 = -20*y. Calculate the greatest common factor of y and 41.
41
Let q = 293 + -148. Let j(s) = -s**2 + 286*s + 2989. Let k be j(-10). Calculate the highest common factor of q and k.
29
Let w be (34/(-2))/((-4470)/(-150) - 30). What is the highest common factor of 527 and w?
17
Suppose 0*q = 5*q + 4*t - 2597, q - 2*t - 511 = 0. Calculate the greatest common divisor of q and 77.
11
Let d be 40/(-30)*105/(-20) + 38. Calculate the highest common factor of 855 and d.
45
Suppose 64*s = 65*s + 384. Let w be ((-4)/(-6))/(((-52)/s)/13). Calculate the greatest common factor of 112 and w.
16
Let s be (0 - (-24)/4)*(-4)/(-6). Suppose 0 = s*t - 43 - 125. Suppose t*x + 72 = 46*x. What is the highest common factor of x and 24?
6
Suppose 4*f - 27*r - 772 = -22*r, -3*r + 12 = 0. Suppose -3*p + f = -12. Calculate the greatest common factor of p and 350.
70
Let x = 1677338 + -1677107. Suppose 2011 + 684 = 5*w. Calculate the greatest common divisor of w and x.
77
Suppose 236*n - f = 241*n - 123, 5*n + 5*f = 135. Calculate the highest common divisor of n and 2916.
12
Let x(z) = -6*z**3 + 2*z**2 - 4*z - 7. Suppose 3*c = 3*r + 1 + 2, 0 = -4*r + 2*c - 6. Let l be x(r). What is the highest common divisor of l and 57?
57
Let j(b) = 2*b**2 - 6*b + 1. Let r be j(6). Let k = -26 + r. Suppose 4*n - 4*f + 45 = 7*n, -9 = -3*f. What is the highest common divisor of n and k?
11
Suppose -15 = 3*s + 4*t, 2 = 3*s - 5*t + 17. Let m(u) = -u**3 + u + 52. Let v be m(0). Let r = s + v. Calculate the highest common divisor of r and 376.
47
Let m be 2/9 + (-156)/(-27). Let r be 16/24*-8*42/(-4). Suppose -i = -2*o - r, 5*i - 272 = -0*i + 2*o. What is the greatest common factor of m and i?
6
Suppose -10*y = 11 - 281. Let t(g) = g**2 + 6 + 6*g**3 - 255*g + 250*g - 3. Let h be t(2). Calculate the highest common divisor of y and h.
9
Let f = -2380 + 2740. What is the greatest common divisor of 15 and f?
15
Let l be 1188/(-165)*(-645)/9. What is the highest common factor of l and 6?
6
Suppose -5*l + 11*b + 54 = 10*b, 2*l + 3*b - 25 = 0. What is the highest common factor of 979 and l?
11
Let l = 2 - 8. Let k be (l/(-9) + 0)*(-45)/(-10). Let s be (((-20)/k)/1)/((-5)/15). What is the highest common factor of 20 and s?
20
Let c = -43 - -43. Let b be c/7 - -1*(-5)/(-1). Let d = b + 13. Calculate the greatest common divisor of d and 144.
18
Let r(l) = 39*l - 179. Let g be r(6). Calculate the highest common factor of 374 and g.
11
Let j = 15 - 157. Let p = 152 + j. Calculate the greatest common divisor of 70 and p.
10
Suppose 0 = -870*q + 845*q + 12925. Calculate the highest common divisor of 423 and q.
47
Suppose 197*x = 199*x + a - 8977, 0 = 5*x + a - 22447. Calculate the highest common divisor of 10 and x.
10
Suppose 14*r - 3 = 17*r. Let p be 4*(-21)/(-12) + r. Suppose g = -1 + p. Calculate the highest common factor of 25 and g.
5
Suppose -98 = -4*w - 3*s, -2*w - 3*s - 32 = -3*w. Let r(h) = -74*h**3 - 3*h**2 - 2*h + 1. Let z be r(-2). What is the greatest common factor of z and w?
13
Suppose -2*n + 0*r = -3*r - 47, -4*n + 104 = 4*r. Suppose -n*k + 135 = -16*k. Suppose c - 75 = 30. What is the greatest common factor of k and c?
15
Let j(k) = 3*k + 116. Let d be (-70)/(-21)*1*(-84)/10. Let u be j(d). What is the highest common divisor of u and 352?
32
Suppose 11752*z - 11826*z = -9546. Calculate the highest common divisor of 1075 and z.
43
Suppose 422*j + 5*t = 423*j - 73, 5*j - 4*t = 386. Calculate the greatest common divisor of j and 2548.
26
Let z(u) = 15*u - 1040. Let j be z(71). Calculate the highest common divisor of j and 865.
5
Suppose -79*m - 2 = -80*m. Suppose m*x + i - 40 = 0, 14*i - 16*i - 67 = -3*x. Calculate the highest common divisor of x and 35.
7
Let w = -12264 - -15300. Calculate the greatest common factor of w and 110.
22
Let m be ((-4)/((-8)/(-6)))/(1/(-1)). Let g be 2*m - (-23)/(184/1008). Calculate the highest common factor of 99 and g.
33
Suppose -5*q = 20, 2*q + 703 = 4*